{"id":1131,"date":"2025-10-06T11:56:23","date_gmt":"2025-10-06T11:56:23","guid":{"rendered":"http:\/\/www.acemoglu.picksoso.net\/about-us\/"},"modified":"2025-10-10T11:59:33","modified_gmt":"2025-10-10T11:59:33","slug":"tarihcemiz","status":"publish","type":"page","link":"https:\/\/www.acemogluhamam.com\/tr\/tarihcemiz\/","title":{"rendered":"Tarih\u00e7emiz"},"content":{"rendered":"\n<div class=\"wp-block-uagb-container uagb-block-ab37987b alignfull uagb-is-root-container\"><div class=\"uagb-container-inner-blocks-wrap\">\n<div class=\"wp-block-uagb-advanced-heading uagb-block-a65eb8a1\"><h1 class=\"uagb-heading-text\">Tarih\u00e7emiz<\/h1><p class=\"uagb-desc-text\">Y\u00fczy\u0131llar boyunca Acemoglu Hamam\u0131, Osmanl\u0131 zanaatkarl\u0131\u011f\u0131n\u0131n ve refah\u0131n\u0131n sembol\u00fc olarak ayakta kalm\u0131\u015ft\u0131r. Onun kal\u0131c\u0131 g\u00fczelli\u011finin ve otantik ruhunun ard\u0131ndaki hikayeyi ke\u015ffedin.<\/p><\/div>\n<\/div><\/div>\n\n\n\n<div class=\"wp-block-uagb-container uagb-layout-grid uagb-block-fdf74db1 alignfull uagb-is-root-container\"><div class=\"uagb-container-inner-blocks-wrap\">\n<div class=\"wp-block-uagb-info-box uagb-block-a807edf0 uagb-infobox__content-wrap  uagb-infobox-icon-above-title uagb-infobox-image-valign-top\"><div class=\"uagb-ifb-content\"><div class=\"uagb-ifb-title-wrap\"><h2 class=\"uagb-ifb-title\">Zamans\u0131z Bir Miras: Acemoglu Hamam\u0131&#8217;n\u0131n Hikayesi<\/h2><\/div><p class=\"uagb-ifb-desc\">Fatih Sultan Mehmet d\u00f6neminde Acemi O\u011flanlar (Yeni\u00e7eri olmak \u00fczere e\u011fitilen gen\u00e7 askerler) i\u00e7in in\u015fa edilen Acemo\u011flu Hamam\u0131, Osmanl\u0131&#8217;n\u0131n e\u011fitim, disiplin ve incelik anlay\u0131\u015f\u0131n\u0131n bir yans\u0131mas\u0131 olarak g\u00fcn\u00fcm\u00fcze kadar ula\u015fm\u0131\u015ft\u0131r.<br>\u0130stanbul&#8217;un kalbinde yer alan bu tarihi T\u00fcrk hamam\u0131, sizi Osmanl\u0131 d\u00f6neminin b\u00fcy\u00fcleyici atmosferine davet ediyor ve bir sultan olmak nas\u0131l bir his oldu\u011funu deneyimlemenizi sa\u011fl\u0131yor. Se\u00e7kin Yeni\u00e7eri Birli\u011fi&#8217;ne hizmet veren hamam, 15. y\u00fczy\u0131l\u0131n ta\u015f i\u015f\u00e7ili\u011fini ve zarafetini modern zamanlara ta\u015f\u0131yan nadir mimari hazinelerden biridir.<br>Acemoglu Hamam\u0131, y\u00fczy\u0131llar boyunca \u015fehirdeki zarif varl\u0131\u011f\u0131n\u0131 korumu\u015f, \u0130stanbul&#8217;un s\u00fcrekli de\u011fi\u015fen tarihine sessizce tan\u0131kl\u0131k ederken, Osmanl\u0131 k\u00fclt\u00fcr\u00fcn\u00fcn zamans\u0131z ruhunu da ya\u015fatm\u0131\u015ft\u0131r.<\/p><\/div><\/div>\n\n\n\n<div class=\"wp-block-uagb-image uagb-block-347b9f00 wp-block-uagb-image--layout-default wp-block-uagb-image--effect-static wp-block-uagb-image--align-none\"><figure class=\"wp-block-uagb-image__figure\"><img decoding=\"async\" srcset=\"https:\/\/acemogluhamam.com\/tr\/wp-content\/uploads\/2025\/10\/acemoglu-history.png ,https:\/\/acemogluhamam.com\/tr\/wp-content\/uploads\/2025\/10\/acemoglu-history.png 780w, https:\/\/acemogluhamam.com\/tr\/wp-content\/uploads\/2025\/10\/acemoglu-history.png 360w\" sizes=\"auto, (max-width: 480px) 150px\" src=\"https:\/\/acemogluhamam.com\/tr\/wp-content\/uploads\/2025\/10\/acemoglu-history.png\" alt=\"Acemo\u011flu Tarihi Hamam\u2019\u0131n kubbeli \u00e7at\u0131s\u0131 ve Osmanl\u0131 d\u00f6nemi mimari yap\u0131s\u0131 \u2013 \u0130stanbul tarihi hamam manzaras\u0131.\" class=\"uag-image-2894\" width=\"640\" height=\"445\" title=\"acemoglu history\" loading=\"lazy\" role=\"img\"\/><\/figure><\/div>\n<\/div><\/div>\n\n\n\n<div class=\"wp-block-uagb-container uagb-layout-grid uagb-block-286b932e alignfull uagb-is-root-container\"><div class=\"uagb-container-inner-blocks-wrap\">\n<div class=\"wp-block-uagb-image uagb-block-c5fa848a wp-block-uagb-image--layout-default wp-block-uagb-image--effect-static wp-block-uagb-image--align-none\"><figure class=\"wp-block-uagb-image__figure\"><img decoding=\"async\" srcset=\"https:\/\/acemogluhamam.com\/tr\/wp-content\/uploads\/2025\/10\/acemoglu-history-2.png ,https:\/\/acemogluhamam.com\/tr\/wp-content\/uploads\/2025\/10\/acemoglu-history-2.png 780w, https:\/\/acemogluhamam.com\/tr\/wp-content\/uploads\/2025\/10\/acemoglu-history-2.png 360w\" sizes=\"auto, (max-width: 480px) 150px\" src=\"https:\/\/acemogluhamam.com\/tr\/wp-content\/uploads\/2025\/10\/acemoglu-history-2.png\" alt=\"Mermer kurna ve geleneksel mimari detaylarla s\u00fcslenmi\u015f Osmanl\u0131 tarz\u0131 hamam i\u00e7 mekan\u0131 \u2013 Acemo\u011flu Tarihi Hamam.\" class=\"uag-image-2896\" width=\"640\" height=\"445\" title=\"acemoglu history 2\" loading=\"lazy\" role=\"img\"\/><\/figure><\/div>\n\n\n\n<div class=\"wp-block-uagb-info-box uagb-block-bd4a2d18 uagb-infobox__content-wrap  uagb-infobox-icon-above-title uagb-infobox-image-valign-top\"><div class=\"uagb-ifb-content\"><div class=\"uagb-ifb-title-wrap\"><\/div><p class=\"uagb-ifb-desc\">1826 y\u0131l\u0131nda Sultan II. Mahmud, Yeni\u00e7eri Oca\u011f\u0131&#8217;n\u0131 kald\u0131rd\u0131\u011f\u0131nda, bu kurumla ba\u011flant\u0131l\u0131 olan Acemo\u011flu Hamam\u0131 sivil kullan\u0131ma ge\u00e7mi\u015ftir. Daha sonra \u00fcnl\u00fc Osmanl\u0131 bestecisi \u0130smail Dede Efendi&#8217;nin babas\u0131 taraf\u0131ndan sat\u0131n al\u0131nm\u0131\u015f ve sonunda \u0130stanbul&#8217;un \u00f6nde gelen Mevlevi tarikat\u0131 olan Yenikap\u0131 Mevlevihane&#8217;ye ba\u011f\u0131\u015flanm\u0131\u015ft\u0131r.<br>Bug\u00fcn Acemo\u011flu Hamam\u0131, Osmanl\u0131 mimarisi ve gelene\u011finin e\u015fsiz bir \u00f6rne\u011fi olarak ayakta kalmaya devam etmekte ve hem yerli hem de yabanc\u0131 misafirlere dinlenmek ve yenilenmek i\u00e7in huzurlu bir s\u0131\u011f\u0131nak sunmaktad\u0131r. Y\u00fczy\u0131llar\u0131n tarihi ile modern dinlenme rit\u00fcellerinin bulu\u015ftu\u011fu bu \u00f6zel yerde, s\u0131radan\u0131n \u00f6tesinde zamans\u0131z bir yolculuk ya\u015famaya davetlisiniz.<\/p><div class=\"uagb-ifb-button-wrapper wp-block-button\"><a href=\"\/tr\/rezervasyon\" class=\"uagb-infobox-cta-link wp-block-button__link\" target=\"_self\" rel=\"noopener noreferrer\" onclick=\"return true;\"><span class=\"uagb-inline-editing\">Rezervasyon<\/span><svg xmlns=\"https:\/\/www.w3.org\/2000\/svg\" viewBox=\"0 0 512 512\"><path d=\"M502.6 278.6l-128 128c-12.51 12.51-32.76 12.49-45.25 0c-12.5-12.5-12.5-32.75 0-45.25L402.8 288H32C14.31 288 0 273.7 0 255.1S14.31 224 32 224h370.8l-73.38-73.38c-12.5-12.5-12.5-32.75 0-45.25s32.75-12.5 45.25 0l128 128C515.1 245.9 515.1 266.1 502.6 278.6z\"><\/path><\/svg><\/a><\/div><\/div><\/div>\n<\/div><\/div>\n","protected":false},"excerpt":{"rendered":"<p>Tarih\u00e7emiz Y\u00fczy\u0131llar boyunca Acemoglu Hamam\u0131, Osmanl\u0131 zanaatkarl\u0131\u011f\u0131n\u0131n ve refah\u0131n\u0131n sembol\u00fc olarak ayakta kalm\u0131\u015ft\u0131r. Onun kal\u0131c\u0131 g\u00fczelli\u011finin ve otantik ruhunun ard\u0131ndaki hikayeyi ke\u015ffedin.<\/p>\n","protected":false},"author":1,"featured_media":0,"parent":0,"menu_order":0,"comment_status":"closed","ping_status":"closed","template":"","meta":{"_uag_custom_page_level_css":"","site-sidebar-layout":"default","site-content-layout":"plain-container","ast-site-content-layout":"normal-width-container","site-content-style":"unboxed","site-sidebar-style":"unboxed","ast-global-header-display":"","ast-banner-title-visibility":"","ast-main-header-display":"","ast-hfb-above-header-display":"","ast-hfb-below-header-display":"","ast-hfb-mobile-header-display":"","site-post-title":"disabled","ast-breadcrumbs-content":"","ast-featured-img":"","footer-sml-layout":"","ast-disable-related-posts":"","theme-transparent-header-meta":"enabled","adv-header-id-meta":"","stick-header-meta":"","header-above-stick-meta":"","header-main-stick-meta":"","header-below-stick-meta":"","astra-migrate-meta-layouts":"set","ast-page-background-enabled":"default","ast-page-background-meta":{"desktop":{"background-color":"","background-image":"","background-repeat":"repeat","background-position":"center center","background-size":"auto","background-attachment":"scroll","background-type":"","background-media":"","overlay-type":"","overlay-color":"","overlay-opacity":"","overlay-gradient":""},"tablet":{"background-color":"","background-image":"","background-repeat":"repeat","background-position":"center center","background-size":"auto","background-attachment":"scroll","background-type":"","background-media":"","overlay-type":"","overlay-color":"","overlay-opacity":"","overlay-gradient":""},"mobile":{"background-color":"","background-image":"","background-repeat":"repeat","background-position":"center center","background-size":"auto","background-attachment":"scroll","background-type":"","background-media":"","overlay-type":"","overlay-color":"","overlay-opacity":"","overlay-gradient":""}},"ast-content-background-meta":{"desktop":{"background-color":"var(--ast-global-color-5)","background-image":"","background-repeat":"repeat","background-position":"center center","background-size":"auto","background-attachment":"scroll","background-type":"","background-media":"","overlay-type":"","overlay-color":"","overlay-opacity":"","overlay-gradient":""},"tablet":{"background-color":"var(--ast-global-color-5)","background-image":"","background-repeat":"repeat","background-position":"center center","background-size":"auto","background-attachment":"scroll","background-type":"","background-media":"","overlay-type":"","overlay-color":"","overlay-opacity":"","overlay-gradient":""},"mobile":{"background-color":"var(--ast-global-color-5)","background-image":"","background-repeat":"repeat","background-position":"center center","background-size":"auto","background-attachment":"scroll","background-type":"","background-media":"","overlay-type":"","overlay-color":"","overlay-opacity":"","overlay-gradient":""}},"footnotes":""},"class_list":["post-1131","page","type-page","status-publish","hentry"],"uagb_featured_image_src":{"full":false,"thumbnail":false,"medium":false,"medium_large":false,"large":false,"1536x1536":false,"2048x2048":false},"uagb_author_info":{"display_name":"picksoso","author_link":"https:\/\/www.acemogluhamam.com\/tr\/author\/picksoso\/"},"uagb_comment_info":0,"uagb_excerpt":"Tarih\u00e7emiz Y\u00fczy\u0131llar boyunca Acemoglu Hamam\u0131, Osmanl\u0131 zanaatkarl\u0131\u011f\u0131n\u0131n ve refah\u0131n\u0131n sembol\u00fc olarak ayakta kalm\u0131\u015ft\u0131r. Onun kal\u0131c\u0131 g\u00fczelli\u011finin ve otantik ruhunun ard\u0131ndaki hikayeyi ke\u015ffedin.","_links":{"self":[{"href":"https:\/\/www.acemogluhamam.com\/tr\/wp-json\/wp\/v2\/pages\/1131","targetHints":{"allow":["GET"]}}],"collection":[{"href":"https:\/\/www.acemogluhamam.com\/tr\/wp-json\/wp\/v2\/pages"}],"about":[{"href":"https:\/\/www.acemogluhamam.com\/tr\/wp-json\/wp\/v2\/types\/page"}],"author":[{"embeddable":true,"href":"https:\/\/www.acemogluhamam.com\/tr\/wp-json\/wp\/v2\/users\/1"}],"replies":[{"embeddable":true,"href":"https:\/\/www.acemogluhamam.com\/tr\/wp-json\/wp\/v2\/comments?post=1131"}],"version-history":[{"count":9,"href":"https:\/\/www.acemogluhamam.com\/tr\/wp-json\/wp\/v2\/pages\/1131\/revisions"}],"predecessor-version":[{"id":3550,"href":"https:\/\/www.acemogluhamam.com\/tr\/wp-json\/wp\/v2\/pages\/1131\/revisions\/3550"}],"wp:attachment":[{"href":"https:\/\/www.acemogluhamam.com\/tr\/wp-json\/wp\/v2\/media?parent=1131"}],"curies":[{"name":"wp","href":"https:\/\/api.w.org\/{rel}","templated":true}]}}

Tarihçemiz

<div class="wp-block-uagb-container uagb-block-ab37987b alignfull uagb-is-root-container"><div class="uagb-container-inner-blocks-wrap">
<div class="wp-block-uagb-advanced-heading uagb-block-a65eb8a1"><h1 class="uagb-heading-text">Tarihçemiz</h1><p class="uagb-desc-text">Yüzyıllar boyunca Acemoglu Hamamı, Osmanlı zanaatkarlığının ve refahının sembolü olarak ayakta kalmıştır. Onun kalıcı güzelliğinin ve otantik ruhunun ardındaki hikayeyi keşfedin.</p></div>
</div></div>



<div class="wp-block-uagb-container uagb-layout-grid uagb-block-fdf74db1 alignfull uagb-is-root-container"><div class="uagb-container-inner-blocks-wrap">
<div class="wp-block-uagb-info-box uagb-block-a807edf0 uagb-infobox__content-wrap  uagb-infobox-icon-above-title uagb-infobox-image-valign-top"><div class="uagb-ifb-content"><div class="uagb-ifb-title-wrap"><h2 class="uagb-ifb-title">Zamansız Bir Miras: Acemoglu Hamamı&#8217;nın Hikayesi</h2></div><p class="uagb-ifb-desc">Fatih Sultan Mehmet döneminde Acemi Oğlanlar (Yeniçeri olmak üzere eğitilen genç askerler) için inşa edilen Acemoğlu Hamamı, Osmanlı&#8217;nın eğitim, disiplin ve incelik anlayışının bir yansıması olarak günümüze kadar ulaşmıştır.<br>İstanbul&#8217;un kalbinde yer alan bu tarihi Türk hamamı, sizi Osmanlı döneminin büyüleyici atmosferine davet ediyor ve bir sultan olmak nasıl bir his olduğunu deneyimlemenizi sağlıyor. Seçkin Yeniçeri Birliği&#8217;ne hizmet veren hamam, 15. yüzyılın taş işçiliğini ve zarafetini modern zamanlara taşıyan nadir mimari hazinelerden biridir.<br>Acemoglu Hamamı, yüzyıllar boyunca şehirdeki zarif varlığını korumuş, İstanbul&#8217;un sürekli değişen tarihine sessizce tanıklık ederken, Osmanlı kültürünün zamansız ruhunu da yaşatmıştır.</p></div></div>



<div class="wp-block-uagb-image uagb-block-347b9f00 wp-block-uagb-image--layout-default wp-block-uagb-image--effect-static wp-block-uagb-image--align-none"><figure class="wp-block-uagb-image__figure"><img decoding="async" srcset="https://acemogluhamam.com/tr/wp-content/uploads/2025/10/acemoglu-history.png ,https://acemogluhamam.com/tr/wp-content/uploads/2025/10/acemoglu-history.png 780w, https://acemogluhamam.com/tr/wp-content/uploads/2025/10/acemoglu-history.png 360w" sizes="auto, (max-width: 480px) 150px" src="https://acemogluhamam.com/tr/wp-content/uploads/2025/10/acemoglu-history.png" alt="Acemoğlu Tarihi Hamam’ın kubbeli çatısı ve Osmanlı dönemi mimari yapısı – İstanbul tarihi hamam manzarası." class="uag-image-2894" width="640" height="445" title="acemoglu history" loading="lazy" role="img"/></figure></div>
</div></div>



<div class="wp-block-uagb-container uagb-layout-grid uagb-block-286b932e alignfull uagb-is-root-container"><div class="uagb-container-inner-blocks-wrap">
<div class="wp-block-uagb-image uagb-block-c5fa848a wp-block-uagb-image--layout-default wp-block-uagb-image--effect-static wp-block-uagb-image--align-none"><figure class="wp-block-uagb-image__figure"><img decoding="async" srcset="https://acemogluhamam.com/tr/wp-content/uploads/2025/10/acemoglu-history-2.png ,https://acemogluhamam.com/tr/wp-content/uploads/2025/10/acemoglu-history-2.png 780w, https://acemogluhamam.com/tr/wp-content/uploads/2025/10/acemoglu-history-2.png 360w" sizes="auto, (max-width: 480px) 150px" src="https://acemogluhamam.com/tr/wp-content/uploads/2025/10/acemoglu-history-2.png" alt="Mermer kurna ve geleneksel mimari detaylarla süslenmiş Osmanlı tarzı hamam iç mekanı – Acemoğlu Tarihi Hamam." class="uag-image-2896" width="640" height="445" title="acemoglu history 2" loading="lazy" role="img"/></figure></div>



<div class="wp-block-uagb-info-box uagb-block-bd4a2d18 uagb-infobox__content-wrap  uagb-infobox-icon-above-title uagb-infobox-image-valign-top"><div class="uagb-ifb-content"><div class="uagb-ifb-title-wrap"></div><p class="uagb-ifb-desc">1826 yılında Sultan II. Mahmud, Yeniçeri Ocağı&#8217;nı kaldırdığında, bu kurumla bağlantılı olan Acemoğlu Hamamı sivil kullanıma geçmiştir. Daha sonra ünlü Osmanlı bestecisi İsmail Dede Efendi&#8217;nin babası tarafından satın alınmış ve sonunda İstanbul&#8217;un önde gelen Mevlevi tarikatı olan Yenikapı Mevlevihane&#8217;ye bağışlanmıştır.<br>Bugün Acemoğlu Hamamı, Osmanlı mimarisi ve geleneğinin eşsiz bir örneği olarak ayakta kalmaya devam etmekte ve hem yerli hem de yabancı misafirlere dinlenmek ve yenilenmek için huzurlu bir sığınak sunmaktadır. Yüzyılların tarihi ile modern dinlenme ritüellerinin buluştuğu bu özel yerde, sıradanın ötesinde zamansız bir yolculuk yaşamaya davetlisiniz.</p><div class="uagb-ifb-button-wrapper wp-block-button"><a href="/tr/rezervasyon" class="uagb-infobox-cta-link wp-block-button__link" target="_self" rel="noopener noreferrer" onclick="return true;"><span class="uagb-inline-editing">Rezervasyon</span><svg xmlns="https://www.w3.org/2000/svg" viewBox="0 0 512 512"><path d="M502.6 278.6l-128 128c-12.51 12.51-32.76 12.49-45.25 0c-12.5-12.5-12.5-32.75 0-45.25L402.8 288H32C14.31 288 0 273.7 0 255.1S14.31 224 32 224h370.8l-73.38-73.38c-12.5-12.5-12.5-32.75 0-45.25s32.75-12.5 45.25 0l128 128C515.1 245.9 515.1 266.1 502.6 278.6z"></path></svg></a></div></div></div>
</div></div>

<p>Tarihçemiz Yüzyıllar boyunca Acemoglu Hamamı, Osmanlı zanaatkarlığının ve refahının sembolü olarak ayakta kalmıştır. Onun kalıcı güzelliğinin ve otantik ruhunun ardındaki hikayeyi keşfedin.</p>

Tarihçemiz Yüzyıllar boyunca Acemoglu Hamamı, Osmanlı zanaatkarlığının ve refahının sembolü olarak ayakta kalmıştır. Onun kalıcı güzelliğinin ve otantik ruhunun ardındaki hikayeyi keşfedin.
